5. Let h be t(6). Is l(h) prime?
False
Let a(c) = -51*c - 1. Let p be a(-2). Is (6 - p)*(-2 - -1) composite?
True
Let h(f) = 6*f**2 + 7*f - 3. Is h(4) a composite number?
True
Is (-6)/12*-614*1 composite?
False
Let m(o) = 23*o**2 + 9*o - 9. Is m(5) composite?
True
Suppose -z + 5*h = -2038, -1 = -h - 2. Is z prime?
False
Let j(y) = 10*y**3 - 2*y**2 + 1. Let d be j(-1). Let r = d - -32. Is r composite?
True
Let p(d) = 5*d**2 - 5*d - 3. Suppose 4*i - 17 = i + a, -28 = -5*i + 2*a. Suppose -3*r - 34 = -i*u + u, -25 = -2*u + 5*r. Is p(u) a prime number?
True
Is (68/170)/(1*(-2)/(-290)) a composite number?
True
Let s = 170 + 138. Suppose 6*q = 2*q + s. Is q composite?
True
Let p = -694 + 1317. Is p composite?
True
Suppose 3*d = -4*i + 97, -5*i - 5*d = -0*i - 125. Let m = i - -13. Is m a composite number?
True
Suppose 3*q = 114 + 1467. Is q prime?
False
Let n(c) be the second derivative of 5*c**4/12 - c**3/2 - 3*c**2/2 + 3*c. Is n(4) composite?
True
Let c(v) = -14*v - 5. Suppose 0 = -5*r - 13 - 2. Let i be (r - 11)*3/6. Is c(i) a prime number?
False
Suppose 4*r - 7*r - 5*c = -4031, -2*c = -2*r + 2666. Is r a composite number?
True
Let q be 210/(-4)*(-8)/3. Suppose 4*w + 0*w - q = 0. Is w prime?
False
Suppose 3*u - a = -2*u + 948, 3*u + 2*a = 574. Suppose q + 4*q - 4*g = 502, -2*q - 2*g + u = 0. Suppose -3*z + z = -q. Is z a prime number?
False
Suppose -4*n - r = 69 - 7923, -3*r - 5883 = -3*n. Is n prime?
False
Suppose -5*o + 3*c = -3, 4*o - 3 + 0 = 3*c. Let g = 76 + o. Suppose 3*i = 35 + g. Is i a prime number?
True
Let h(b) = -b + 12. Let c be h(0). Is 3/c - (-331)/4 a composite number?
False
Let h(y) = -y - 1. Let f be h(1). Let n = -3 - f. Is (-2 - -1 - 54)*n a prime number?
False
Let n = -6 - -11. Let j(t) = 15*t**2 + 16*t - 3. Let v be j(11). Suppose a + v = n*a. Is a composite?
True
Let l(p) = 3*p**2 + 17*p - 15. Is l(-13) prime?
True
Let x(k) = -k**2 + 12*k - 8. Let v be x(9). Is -5*(-4)/(4/v) a composite number?
True
Let y be (-20)/25*(-1937 - -2). Suppose 0 = g + 4*z - 397, y = 6*g - 2*g - 4*z. Is g composite?
False
Suppose 15 = 5*s - 2*s. Suppose 6*k - k = -s. Let x = k - -38. Is x composite?
False
Let s = -4 + 7. Let k(v) = -3 + 9*v - s + 8*v. Is k(5) prime?
True
Suppose -3*w + 1115 + 530 = -4*x, -w + 546 = x. Is w prime?
True
Suppose s = i - 7, 5*i - s = s + 32. Suppose -3*a + i = 0, -3*a - 70 = -4*m + 220. Is m a prime number?
False
Let x = -653 + 1216. Is x a prime number?
True
Suppose -11*p + 16 = -7*p. Suppose 4*c = 0, 5*v + 0*c - 725 = -p*c. Is v a composite number?
True
Suppose 0 = x - 41 - 42. Is x prime?
True
Let v(l) = -l + 0 + 1 + 0. Let m be v(1). Suppose m = d - 3 - 1. Is d a prime number?
False
Let w(h) = h**3 - 4*h**2 - 3*h - 7. Let j be w(5). Suppose 38 = -j*n + 143. Is n prime?
False
Let h = -15 - -34. Is h composite?
False
Let p(u) = u**2 + 7*u. Let f be p(-7). Suppose -2*o + 3*o - 77 = f. Is o a composite number?
True
Let c(z) be the first derivative of -z**2/2 + 12*z - 2. Let y be c(9). Is -2 + (34 - (y - 2)) a prime number?
True
Suppose 0 = 2*r - 0 - 148. Let m = r - 9. Is m a prime number?
False
Suppose -2*f + 36 = f. Let x(i) = i - 2. Let b be x(-5). Let j = f - b. Is j a composite number?
False
Let m(a) = 2*a**2 + 2*a + 1. Let d be m(-2). Suppose 3*t + 373 = d*s, 3*s + 3*t - 40 = 179. Let k = 111 - s. Is k prime?
True
Suppose -2*f + 1 = -1. Suppose 6 - f = -4*n + w, 3*n - 20 = -4*w. Suppose 0*c - 2*c + 110 = n. Is c a prime number?
False
Let s = -5 + 18. Let n(i) = -8*i - s*i + 3*i - i. Is n(-3) a prime number?
False
Let s(o) = -4*o - 4. Let m be s(-3). Let y be (-14)/m*(-140)/7. Let f = 260 + y. Is f a composite number?
True
Let b(z) = z + 3. Let t = 1 - 4. Let c be b(t). Is c - (-37 + -2 + 2) a composite number?
False
Suppose 3*n - 3*s + 9 = 6*n, 3*s + 9 = 0. Is (-4)/n + (-496)/(-6) a composite number?
True
Suppose 4*f = -5*a + 7, -4*a - a - 2*f + 1 = 0. Let v = -1 - a. Is 148 - (v/3 - 1) composite?
False
Let k(f) = f + 4. Suppose -3*n - 2 = 2*j - 0*j, -4*n = -4*j + 36. Let i be k(n). Is i + 2 + (7 - -6) prime?
False
Let a be 2/3*(-60)/(-8). Suppose -p = 2*o - 67, -4*o + 2*p + 135 = a*p. Let v = 0 + o. Is v prime?
False
Let r(s) = 0*s - s**3 - 2 + 0*s. Suppose o + 3 = -o + b, 0 = -3*o - b - 12. Is r(o) prime?
False
Let r(t) = -t**3 - 6*t**2 - 7. Let g be r(-6). Let c(z) = -3*z + 5. Let x be c(g). Let y = 37 - x. Is y prime?
True
Suppose 0 = 3*v - 6*v + 2715. Is v composite?
True
Suppose 3*x - 7 = 5*q, -q + 2*x = -2*q + 9. Let p = 2 - q. Is 1/(p + 12/(-13)) a composite number?
False
Let o be -3*4/(-36)*-3. Is ((-129)/(-12))/(o/(-44)) a prime number?
False
Is 105/4 + (-13)/52 a composite number?
True
Let m = -421 + 1572. Is m prime?
True
Suppose -4*w + x + 223 = w, -3*w + 144 = -4*x. Let f = 11 + w. Is f a composite number?
True
Let s be (-1)/(-2) - (-5)/2. Let m = 49 + -113. Let x = s - m. Is x a prime number?
True
Is (4 - 3)/(-1 - 3020/(-3019)) composite?
False
Let q(i) = 3*i**2 - 6*i + 1. Let g be q(-7). Suppose -1 = -4*k + 7, -g = -4*o - k. Is o a prime number?
True
Suppose 0 = -a - 2*a + 4347. Suppose 2*c = 5*c + a. Is c/(-9) - 4/6 prime?
True
Suppose -5*c = -139 - 3016. Is c a composite number?
False
Suppose 0 = 3*w - 5*c - 15, 2*c + 2 = -w - 4. Is ((2344 + w)/(-4))/(-2) a composite number?
False
Let p(f) = -3*f**2 - 1 + 0*f**2 - 1 + 4*f + 21*f**3 - 1. Is p(2) a prime number?
False
Suppose v + 2*y = 6, v + 6 + 0 = y. Let x(r) = 10*r**2 - r + 2. Let k be x(v). Let n = -23 + k. Is n composite?
True
Suppose -2910 = -4*x - 2*x. Is x a prime number?
False
Let h(w) = -w**2. Let y = -12 - -11. Let a(c) = -3*c**2 - 5*c - 7. Let i(s) = y*a(s) + 2*h(s). Is i(-8) prime?
True
Let l(z) = -z**3 - z**2 - z + 3. Let x be l(0). Suppose x*u = 5*t - 757, -2*t + 2*u + 310 = -u. Is t a composite number?
False
Let c = -5 - -9. Suppose 0 = -c*k - 12, -3*k + 65 = -4*u + 3*u. Let p = -37 - u. Is p a composite number?
False
Let n(i) = -i**3 - 2*i**2 + 4*i - 4. Let q(z) = -4*z**2 - 2*z + 1. Let t be q(1). Let o be n(t). Suppose o = 2*u - 23. Is u prime?
True
Let o(p) = p**3 - 6*p**2 + 4*p - 1. Let b be o(5). Is 4/b + (-1288)/(-24) a prime number?
True
Let h be (4 - 1)*(-2)/(-3). Let l(s) = 22*s + 2. Is l(h) a prime number?
False
Let p = -2429 + 4609. Is (2/(-8))/((-5)/p) a prime number?
True
Let o(w) = 5*w + 1 - 5*w - 3*w**2 + 2*w**3 + w**2 + w. Is o(2) prime?
True
Suppose -z = 218 - 34. Let o = 381 + z. Suppose -f - 2*d + o = 0, 2*d - 7 = -1. Is f a composite number?
False
Let n(v) be the third derivative of v**5/60 - 11*v**4/24 - 2*v**3 - 2*v**2. Let a be n(11). Let z = a - -23. Is z prime?
True
Let l(r) = -121*r + 1. Let z be l(-2). Let s = -114 + z. Is s prime?
False
Let q be -6 + (-3)/(-1) + 15. Suppose -5*f + 2*u + 166 + 655 = 0, q = -4*u. Is f composite?
False
Suppose 12*z - 4*z = 3272. Is z prime?
True
Let a be 389*(2 + 1) + 3. Is a/22 + (-2)/11 composite?
False
Suppose 4*g + 12 = 7*g. Suppose 0 = 4*o - g*y - 604, 81 + 370 = 3*o - 2*y. Is o a prime number?
True
Suppose 8*j - 3713 - 2967 = 0. Is j a composite number?
True
Let h be 1/2*0/(-3). Suppose -u + h = -23. Is u a prime number?
True
Suppose 4*n + 2*a = 582, 5*a + 118 = 5*n - 4*n. Is n prime?
False
Let g(z) = -2*z**2 - z + 2. Let b be g(2). Let w = b + 12. Suppose w*d + 4*o - 3*o - 150 = 0, -3*o - 105 = -3*d. Is d prime?
True
Suppose 7 = 5*k - 3. Let f(n) = 8*n**2 + 3*n + 2. Let o(t) = 16*t**2 + 6*t + 3. Let h(g) = -5*f(g) + 3*o(g). Is h(k) a composite number?
False
Let h = 208 + -141. Let o(t) = -t**3 + 6*t**2 + 3*t + 6. Let z be o(6). Let k = h + z. Is k a composite number?
True
Suppose -5*i = -1294 + 339. Is i a prime number?
True
Suppose h = -h + 8. Let w = h + -4. Suppose w = 3*x + 2*p - 143, 0*x - 4*p + 188 = 4*x. Is x a composite number?
True
Let w = -2 - -4. Suppose w*k - 5*q = k + 346, 3*q = 4*k - 1333. Is k a prime number?
True
Let o = 6 + -4. Let y = o - -2. Is y/18 + 1825/9 a composite number?
True
Suppose 785 = 2*t + 3*t. Is t prime?
True
Let q(l) = -l**3 - 2*l**2 - 3*l - 2. Suppose -5*i - o = 15, 0 = -2*i + 4*i + 2*o + 14. Let s be q(i). Suppose s*m - 105 = m. Is m composite?
True
Let s = 110 - 64. Is s composite?
True
Suppose -123 = -2*y + 329. Is y composite?
True
Suppose 10 = 4*p - 3*t - 16, -t = 3*p - 13. Suppose p*w - w - 148 = 0. Is w prime?
True
Sup